q + 6. Let y(i) = i**3 + i**2 - 1. Let t be y(-2). Let o be u(t). Let j = 4 + o. What is the units digit of j?
0
Let d(s) = -3*s**3 - 12*s**2 + 9 - 4 + 13*s + 2*s**3. What is the units digit of d(-13)?
5
Suppose -151 = -3*w - z, -3*w + z - 5*z + 145 = 0. What is the tens digit of w?
5
Let o be (-10)/4 - (-3)/2. Let n(h) = 4*h**2. Let l be n(o). Suppose l*m - 46 = -2*p, -50 = -2*m - 3*m - p. What is the units digit of m?
9
Suppose 0 = 6*x - 119 - 43. What is the units digit of x?
7
Suppose -g + 4 = 2*w - 0*w, 6 = -2*g + 3*w. Let l(u) = 7*u - 21. Let n(d) = 3*d - 10. Let b(m) = 2*l(m) - 5*n(m). What is the units digit of b(g)?
8
Let k = -52 + 17. Let a = -21 - k. What is the tens digit of 2/(3 - a/5)?
1
What is the tens digit of 58/4 - (-6)/4?
1
Let v = 85 - 22. What is the tens digit of v?
6
Let l be 2/6 + (-14)/6. What is the units digit of (-176)/(-28) + l/7?
6
Let o = -12 + -8. Let w = o + 25. What is the units digit of w?
5
Let i be -2 - (0 + 1)*-11. Let y = 7 - i. What is the units digit of -3 - (y/2 + -10)?
8
Let z(k) = -2*k - 7. Let b be z(-5). Suppose 0 = b*r - 3*x - 2 - 4, r = 2*x + 2. What is the units digit of r?
2
Let r(n) = 3*n - 2. Let d(j) = -7*j + 3. Let o = 4 + -13. Let i(s) = o*r(s) - 4*d(s). What is the units digit of i(-5)?
1
Suppose -3*r + 36 = y - 4*y, 3*y + 24 = 2*r. Let k(o) = 6*o - 26. What is the tens digit of k(r)?
4
Suppose 5*u + 0*h = -h + 71, 3*u - 3*h = 57. What is the tens digit of u?
1
Suppose -4*x - 4*j + 480 = -0*j, j = 2*x - 234. What is the hundreds digit of x?
1
Suppose 0 = 5*v - z + 4*z - 9, z = -5*v + 3. Let o be (-1 + 2 - v)*0. Suppose -2 + o = -2*l. What is the units digit of l?
1
Suppose -2*n = -10, -2*i + n - 5*n + 64 = 0. What is the tens digit of i?
2
Let i = 387 + -217. What is the hundreds digit of i?
1
Suppose -756 = t - 5*t - 5*f, f + 378 = 2*t. What is the hundreds digit of t?
1
Suppose 0 = q - 0*q + 6. What is the units digit of -18*(3/q)/1?
9
Let m = 3 + 1. Suppose -c = -m*c + 15. What is the units digit of c?
5
Let j = 101 + -55. What is the units digit of j?
6
Suppose 128 = o - b, -5*o + 2*b = -63 - 562. What is the hundreds digit of o?
1
Let y(n) = 4*n**2 + 2*n. What is the units digit of y(3)?
2
Let n(a) = -4*a + 14. What is the units digit of n(-7)?
2
Let w = -11 - -15. Suppose 49 = 2*c + 3*k, w*c + 3*k - 30 = 53. What is the units digit of c?
7
Let z(s) be the third derivative of s**5/60 + s**4/6 - s**3 + 3*s**2. What is the units digit of z(-6)?
6
Let k = -10 + 16. Suppose -2*t = -k - 4. What is the units digit of t?
5
Let x = 50 - 74. Let z be (-1 - x) + 0/(-5). Suppose -n - 3 + z = 0. What is the tens digit of n?
2
Let t be (-2)/3*(-45)/10. What is the units digit of 16/(2/(6/t))?
6
Let p(d) be the second derivative of d**8/6720 - d**6/360 + d**5/120 - d**4/4 + d. Let y(h) be the third derivative of p(h). What is the units digit of y(2)?
5
Suppose -20 = -t - 17. What is the units digit of t?
3
Let t = 6 + 29. What is the tens digit of t?
3
Suppose -5*i = -5*d - 85, 2*d - d + 77 = 4*i. Suppose 7*u = 3*u + i. Suppose -44 = 5*v + u*q - 109, -v = -q - 21. What is the tens digit of v?
1
Let p(g) = -g**3 - 8*g**2 - 3*g + 9. Let i(l) = -l - 15. Let d be i(-7). Let r be p(d). Let m = r - 21. What is the tens digit of m?
1
Let f(m) = -2*m**2 + 57*m + 41. What is the units digit of f(29)?
2
Let w(a) = 4*a + 2. Let m be w(-5). Let y = m + 13. Let u = -1 - y. What is the units digit of u?
4
Let a = 34 - 8. What is the tens digit of a?
2
Suppose -2*u = -1 - 1. Let j = -2 + u. What is the units digit of (-2)/1*j + 4?
6
Suppose -22 = -3*d + 2*d. What is the units digit of d?
2
Let k be (-42)/(-9)*(-9)/(-2). Let y = -15 + k. What is the units digit of y?
6
Let r = 3 + 11. What is the units digit of r?
4
Suppose r = 2 - 3. Let q = r - -32. What is the tens digit of q?
3
Let y = -66 + 132. What is the units digit of y?
6
What is the tens digit of 1/(-3) - (-110)/6?
1
Let t be ((-128)/(-6))/((-2)/(-6)). Let d = t + -35. Let p = -21 + d. What is the units digit of p?
8
Let d be (5/4)/(1/4). Let s = d + 26. What is the tens digit of s?
3
Let p = 186 + -47. Suppose 34 - p = -5*o. What is the units digit of o?
1
Let v(c) = 34*c - 1. What is the tens digit of v(1)?
3
Let k(g) = g**2 + 6*g + 5. Let b be k(-6). Let r(n) = -n - 12. Let s be r(-9). Let q = b - s. What is the units digit of q?
8
Let u = -27 + 87. Let l = -2 - -2. Suppose l = -7*b + 2*b + u. What is the tens digit of b?
1
Let i = -19 - -32. Suppose 2*v - 7 - i = 0. What is the units digit of v?
0
Let u(m) = -2*m**3 - 2*m. Let r be u(-3). Suppose -5*h = -h - r. What is the units digit of h?
5
Let z = 7 - 14. Let s = 7 - z. What is the units digit of s?
4
Suppose 6*t = -4*x + t - 70, 17 = -x - t. Let o = -19 - -45. Let j = o + x. What is the units digit of j?
1
Suppose q = g + 2*g + 48, 4*q - 225 = g. What is the units digit of q?
7
Suppose 0 = -0*c - 3*c + 30. Suppose 5*y - 8 = -4*b + 45, 0 = -2*y + c. What is the units digit of b?
7
Let y(q) = -2*q - 1. Let k be y(-8). Suppose 3*c = c - 5*d - 7, d + k = 3*c. What is the units digit of c?
4
Let h = 5 + -1. Suppose -27 = -h*c + 41. What is the units digit of c?
7
Let i be -3 + 3 - (-4 - 2). What is the units digit of (i/(-5))/((-2)/15)?
9
Let i = -210 - -465. What is the hundreds digit of i?
2
Suppose -434 = -4*o + 74. What is the units digit of o?
7
Let y be (40/(1*-4))/(-2). Suppose -29 = -p - d, 87 = -p + 4*p - y*d. What is the tens digit of p?
2
Let u(n) = 2*n - 2*n - 5 - 3*n + 5*n. Let d be u(9). Let j = 24 - d. What is the units digit of j?
1
Suppose 5*y + 2*s = 48, 32 = 5*y - 2*y + 2*s. Let r = y + -5. Suppose 0*x + 3*x - r = 0. What is the units digit of x?
1
Suppose -2*z + 61 = 3*c - 4*z, -4*c + 2*z + 78 = 0. What is the tens digit of c?
1
Suppose 13*w = -120 + 1641. What is the units digit of w?
7
What is the units digit of ((-16)/5)/((-478)/(-120) - 4)?
2
Let q = 1 - 2. Let n = q + 10. Suppose -x + 12 = -p, -n = -2*x - 0*p - p. What is the units digit of x?
7
Let t = 358 + -157. What is the hundreds digit of t?
2
Let b(n) = -3*n + 7. Let q(l) = -1. Let z(o) = -b(o) - 6*q(o). What is the units digit of z(4)?
1
Let d(u) = 25*u**2 - 7*u + 10. What is the hundreds digit of d(3)?
2
Let t be (-12)/8 + (-2)/(-4). Let n be t/((-5)/4 + 1). Suppose -n*i - a - 15 + 66 = 0, 4*i - 45 = a. What is the units digit of i?
2
Let n(q) = -q**2 + 6*q - 4. Let y be n(7). Let h(k) = -k**3 - 11*k**2 - 2*k - 10. What is the tens digit of h(y)?
1
Let k = -16 - -110. What is the tens digit of k?
9
Suppose -3*z + 9 = -0*z, -2*o + 4*z = -234. What is the tens digit of o?
2
Suppose -g = 4*g - 220. What is the units digit of g?
4
Let p = 0 + 0. Let i = -6 + 11. Suppose -w - 5*j + 16 = p, -5*j = i*w - 12 - 28. What is the units digit of w?
6
Let r(s) be the first derivative of 6*s**2 + 4*s - 3. Let u be r(3). Suppose 0 = -5*f - 0*f + u. What is the units digit of f?
8
What is the tens digit of 3 - (-11)/(22/48)?
2
Suppose 0 = -3*d + 4*l + 96, 2*d - 59 = -l + 2*l. Suppose d = j + 5*t, 6 = j + 2*t - 10. What is the units digit of j?
8
Let v(j) = -20*j + 1. What is the tens digit of v(-1)?
2
What is the units digit of 3*1/(-6)*-236?
8
Suppose -442 = -44*l + 42*l. What is the hundreds digit of l?
2
Let k(s) = -s**3 + 3*s + 2. Let n be k(-2). Suppose 2*r + 6 = n*r. Suppose -r*u = 5*x - 7 - 11, 3*x + 5*u = 14. What is the units digit of x?
3
Let v = -5 - -6. Suppose 0 = -y + 23 - v. What is the units digit of y?
2
Suppose -2*p + p = -2. Suppose 2*z = 2*g + 12, -4*z + p*g = -g - 21. Suppose -4*q + 27 = -t, -8*t = -3*q - z*t + 16. What is the units digit of q?
7
What is the units digit of 33 - (15/12 + 6/8)?
1
Let q = -135 - -287. What is the hundreds digit of q?
1
Let c(d) = -5*d + 4. Let v be c(-3). Let m(s) = -s**3 + 7*s**2 + 11*s - 12. Let p be m(8). Let n = v - p. What is the units digit of n?
7
Let k(i) = i**2 - 4*i + 5. What is the units digit of k(4)?
5
Let c be (-4)/((-1)/10*-4). Suppose 5*j + 10 - 125 = -5*b, -3*j = 4*b - 67. Let y = j + c. What is the tens digit of y?
1
Suppose -4*v + 4*o = -4, 8 = 3*v - 5*o - 1. Let h = v - -4. Suppose -2*l + l = -3*g - 7, -2*g - 10 = -h*l. What is the units digit of l?
4
Suppose 50 = 3*k + 2*k. Suppose -5*b = -3*m - k, -4*m + 2*b + b = -5. Suppose -u = -2*z, u + m*z = -8 + 43